 -4*c**2 + 3*c**2 + 3 - 7*c - 9. What is the remainder when 15 is divided by m(h)?
3
Let v = 8 - 5. Suppose 0 = v*q + b - 71, -2*q = -0*b + 3*b - 52. Let n(i) = i**3 + 8*i**2 - 6*i - 5. Calculate the remainder when n(-8) is divided by q.
20
Suppose -4*d = -k + 6*k - 14, k + 3*d = 5. Let p(u) = u**3 + u + 1. Suppose 6*b = 3*b + 63. What is the remainder when b is divided by p(k)?
10
Let z = 10 - -15. Suppose 2*l = -57 + 197. Calculate the remainder when l is divided by z.
20
Suppose -182*n + 171*n + 2497 = 0. Calculate the remainder when n is divided by 19.
18
Suppose 0 = -31*t + 2055 + 84. What is the remainder when 685 is divided by t?
64
Let r = -21 + 12. Let s = r + 19. Suppose 5*b = s*b - 270. Calculate the remainder when b is divided by 14.
12
Suppose 5*a + 3*b = -5 + 50, 2*a + 2*b = 14. Let s(r) = -2*r**3 - 7*r - 5. Suppose -21 = 8*o - o. What is the remainder when s(o) is divided by a?
10
Let w be 6/(-4)*28/(-6). Suppose -5 - w = -6*v. Suppose -v*y = 4*u - 78, u - 5*y - 57 = -u. What is the remainder when u is divided by 12?
9
Let z(f) = 2*f + 43. Let u be z(18). What is the remainder when 61 is divided by 2/10 + u/5?
13
Suppose 21*x - 1665 = 16*x. What is the remainder when x is divided by 6?
3
Let n(j) = j + 7. Let z be n(-2). Suppose 0 = -z*y + 3*y + 20. What is the remainder when 88 is divided by y?
8
Let i(r) = -r**3 - 19*r**2 - 92*r + 13. What is the remainder when i(-7) is divided by 37?
32
Let l(w) = w**3 + 6*w**2 + 3*w - 6. Let u be l(-5). Suppose -u*j + 0*j - 140 = 0. What is the remainder when (-235)/j + (-4)/(-14) is divided by 2?
1
Let f(t) = -6*t**3 + t**2 - t + 1. Let a be f(1). Let l be 229 - 2 - 0/a. What is the remainder when 99 is divided by l/9 - (-16)/(-72)?
24
Suppose 2*s - 3*z - 13 = 0, -z = 2*s - 3*s + 5. Suppose 3*l - s*l = 12. Calculate the remainder when 502/8 + -5 + 6/(-8) is divided by l.
9
Let w = 9 + -3. Suppose 0 = -w*p - 46 + 664. Calculate the remainder when p is divided by 26.
25
Suppose 0 = 8*j - 424 - 120. Calculate the remainder when 194 is divided by j.
58
Let d be -2 + (-14 - 3)/((-1)/23). Suppose d*z = 386*z + 393. Calculate the remainder when z is divided by 22.
21
Let j = 10 + 9. Suppose 5*d - 49 = 2*b, -b + 34 = 2*d + 3*b. What is the remainder when j is divided by d?
8
Suppose 16*a - 2352 = -8*a. What is the remainder when 319 is divided by a?
25
Suppose -s = -5*s - 84. Let o = 28 + s. Calculate the remainder when o is divided by 5.
2
Suppose 0 = 8*u + 3*u - 539. What is the remainder when 86 is divided by u?
37
Let k = 289 + -286. What is the remainder when 450 is divided by k?
0
Let m(h) = 407*h + 818. Suppose 0 = c + 2*k - 3, 4*k - 4 + 12 = 0. Calculate the remainder when c is divided by m(-2).
3
Let l = -116 + 121. Suppose -58 = a - 3*a. Suppose 5*r = -l*q - 0*q + 125, -q = -3*r - a. Calculate the remainder when q is divided by 9.
8
Let u = -9 - -36. Suppose 0 = t - u + 16. Calculate the remainder when t is divided by 7.
4
Calculate the remainder when (-4 - 69/2)/(1/(-2)) is divided by 42.
35
Let c(f) = 5*f + 43. Let h be c(-8). Suppose x - 10 = -n, -9 = h*x - 3*n - 63. What is the remainder when 65 is divided by x?
9
Suppose 3098 = 3*y + 7*t, 6 = -2*t + 4. Calculate the remainder when y is divided by 28.
27
Suppose 119 - 32 = 3*j. Let d = j + -24. Suppose -6*c - 64 = -4*m - 2*c, 0 = m - 2*c - 19. Calculate the remainder when m is divided by d.
3
Suppose 2*t - 6 = 0, 0 = -q + 5*q - 3*t + 9. Calculate the remainder when 53 is divided by 8 - ((-7 - -3)/(-4) + q).
4
Suppose 0*n - 3*l + 593 = -4*n, 600 = -4*n - 4*l. What is the remainder when (-2)/(449/n + 3) is divided by 38?
35
Let c = -15 - -11. Let v(f) = -f**2 - 4*f + 3. Let s be v(c). Let q = s - -1. What is the remainder when 6 is divided by q?
2
Suppose 3*l - 12 = 5*h + 13, -4*h + 46 = 2*l. What is the remainder when 40 is divided by l?
10
Calculate the remainder when 390 is divided by (9 + 2)*7 + (41 - 39).
74
Suppose 2*g - 5*o = 410, 2*o + 3*o = -g + 175. What is the remainder when g is divided by 49?
48
Let k = 10 + 20. Let n = k + -26. Suppose n*d + 190 = 9*d. What is the remainder when d is divided by 14?
10
Let y = 15 - -95. Calculate the remainder when y is divided by 59.
51
What is the remainder when 479 is divided by (45/6)/((-15)/(-12) - 1)?
29
Suppose 4*i + 2 = -2. What is the remainder when 494/13 - (-2 + i) is divided by 11?
8
Let h(x) = -x**3 - 17*x**2 - 15*x + 27. Let j be h(-16). Let p(v) = 6*v - 22. Suppose 0 = -2*a - 2*a + 36. What is the remainder when p(j) is divided by a?
8
Suppose -q = 9 - 29. What is the remainder when ((-9)/(-15))/(2/130) is divided by q?
19
Suppose 0 = 3*c - 2*c + 5. Let b(u) = -u**3 - 4*u**2 - 6*u - 10. What is the remainder when b(c) is divided by 16?
13
Let u = -38 - -41. What is the remainder when 2244/48 + u/(-4) is divided by 17?
12
Suppose 0 = -5*b + 50 + 65. Let o be (-4 + 4)/(1*(-2 + 3)). Suppose -r + b = 4*y, o = -r + 3*r - 2*y - 76. Calculate the remainder when r is divided by 18.
17
Suppose -j - 885 = -1003. Calculate the remainder when j is divided by 17.
16
Let x(j) = -j**3 + 33*j**2 - 60*j - 49. What is the remainder when 44 is divided by x(31)?
5
Suppose 184 = 63*w - 59*w. Let r(s) = -7*s - 2. Calculate the remainder when w is divided by r(-2).
10
Let l(s) = 12*s - 107. Let t(m) = -2*m. Let r(o) = -l(o) - 3*t(o). Suppose 28 = 3*a + a. What is the remainder when r(16) is divided by a?
4
Let n(c) = c**2 + 25*c + 44. Let b be n(-13). Let z = -102 - -173. Calculate the remainder when z is divided by 14*((-316)/b + 1/(-4)).
35
Let x(m) = -m**2 - 2*m - 6. Let a(d) = -d - 7. Let p(r) = -2*a(r) + 3*x(r). Let t be p(-3). Let c = t + 22. What is the remainder when 19 is divided by c?
1
Let a(p) = -p**3 - 3*p**2 + 16*p + 12. Let u be a(-6). Let k = -9 - -42. What is the remainder when k is divided by (-168)/48*u/(-7)?
9
Let q(n) = n**2 + 6*n + 2. Let r be q(-4). What is the remainder when (r/2)/(2/(-6)) is divided by 6?
3
Let j be 5*(1 + 9/(-15)). Suppose 245 = 7*m - j*m. Calculate the remainder when m is divided by 13.
10
Let a = 10 - 4. Suppose -8*r + 122 = -a*r. Let j(u) = u**3 - 6*u**2 + 4*u - 8. What is the remainder when r is divided by j(6)?
13
Suppose 2*t - 458 = -3*i, 0 = -i + 5*t - 4*t + 156. Let m = 112 + -205. Let p = m + i. Calculate the remainder when p is divided by 21.
19
Suppose -14 = 5*d - 169. Suppose -5*h + d = -54. Suppose 14*n - 64 + 13 = 89. Calculate the remainder when h is divided by n.
7
Calculate the remainder when 29 is divided by -3*1/(-2) - (-204)/24.
9
Let y(z) = -7*z + 7. Suppose 0 = 15*g + 184 - 439. Calculate the remainder when y(-8) is divided by g.
12
Suppose 17 + 11 = 7*h. Suppose 74 - 10 = h*k. What is the remainder when k is divided by 5?
1
Let c(p) = 21*p**2 + 13*p + 104. Calculate the remainder when c(-7) is divided by 29.
27
Suppose -5*w = 27 + 28. Let i = w + 16. Calculate the remainder when 47 is divided by i.
2
Suppose 64*v - 62*v - 60 = -3*c, 0 = 2*v + 6. Calculate the remainder when 46 is divided by c.
2
Let t = 1025 + -1012. Let s(v) = -2*v**3 - 2*v**2 - v - 2. What is the remainder when s(-3) is divided by t?
11
Let h = 174 - 159. What is the remainder when 71 is divided by h?
11
Let w = 15 + 0. Let n = -13 + 17. Calculate the remainder when w is divided by n.
3
Let o(j) = -j**2 + 10*j. Let s = -134 - -136. Suppose 0 = v - 3*u - u - 65, 170 = 2*v + s*u. Calculate the remainder when v is divided by o(7).
18
Suppose 2*i = 3*j + 78, 2*i - 60 = -3*j - 6. Suppose 15*s = 20*s - 5. Suppose -2*x - 2*o + 40 = 0, -2*o + 5 = -s. What is the remainder when i is divided by x?
16
Suppose -u = -2*k + 15, 2*u = 2*k + 4*u. Suppose k*q + 27 = 7. Let v = q + 8. Calculate the remainder when 15 is divided by v.
3
Let i = -17 - -1. Let r be (i/(-20))/(2/5). Suppose 4*a - 144 = -r*a. What is the remainder when 94 is divided by a?
22
Suppose -3*p + z = 450, -2*p = z + 2*z + 289. Let w = -90 - p. What is the remainder when w is divided by 24?
11
Suppose 0 = 3*m + 9, -2*o - 3*o + 3*m = -44. Suppose 2*n + 3*y - 62 + o = 0, n - 17 = 2*y. Calculate the remainder when n is divided by 14.
9
Suppose -5*s + 2*s = -1800. Suppose -5*w = -w - s. Suppose w - 40 = 5*n. What is the remainder when 43 is divided by n?
21
Let g(z) = 8*z - 219*z**2 + 4 - z**3 + 218*z**2 + 1. Le